l, 4*f = -0*f - 3*l + 25. Let g(b) = b**2 - 5*b - 1. Let w be g(f). List the prime factors of (2/(-1))/(2/w).
5
Let x be 14/2 - (0 + 0). Suppose x = 4*q - o, -5*q + 2*o = 3*o - 11. What are the prime factors of q?
2
What are the prime factors of 12 - 13 - (-80 - -1)?
2, 3, 13
Suppose -3*u + 43 = u - 3*z, 17 = u - 2*z. Let f be u*(3 - 1)/2. Let o(l) = -l**3 + 6*l**2 + 10*l - 5. What are the prime factors of o(f)?
2
Let s(d) = 2*d**3 - 4*d**2 + 2*d - 2. Suppose -5*m - 3 = -10*m + 3*l, -3*m = -2*l - 1. List the prime factors of s(m).
2, 11
Suppose 7*g - 1122 + 205 = 0. List the prime factors of g.
131
Let s = -20 + 12. Let u(i) = i**2 + 2*i - 8. What are the prime factors of u(s)?
2, 5
Suppose l - 7 = -2*p, 0 - 5 = -2*p - 3*l. Suppose 2*j - 2 = -b, -5*j - 1 = p*b - 0. What are the prime factors of j?
3
Suppose -y - 4*c + 5 = 0, 5*y + 1 - 4 = 2*c. Let f = y - -3. What are the prime factors of f?
2
Let g(w) be the second derivative of 5*w**4/6 - w**3/2 + 3*w**2/2 - 5*w. List the prime factors of g(2).
37
Suppose -3 = w - 2*w. Let p(c) = 4*c**2 + c**w - c - c**2 + 2*c + 3 - 9*c**2. List the prime factors of p(6).
3
Let a(y) = 4*y**2 - 6*y + 3. Let k(g) = -g**2. Let p(x) = a(x) + 3*k(x). Let m be p(6). Suppose -v - 22 = -m*v. What are the prime factors of v?
11
Suppose 4*y = 20 + 8. Suppose -4*i + 19 = 3. Let r = i + y. What are the prime factors of r?
11
Suppose -5*k + 25 = 5*x, -2*k + 2*x - 14 = -2*x. What are the prime factors of k/(22/7 + -3)?
7
Let g(d) = -d**2 + 3*d - 1. Let v be g(3). Let m be ((-20)/8)/(3/(-6)). What are the prime factors of 6/(-5)*m*v?
2, 3
Suppose -3*n + 101 = -2*n. List the prime factors of n.
101
Let c(f) = -f**2 + 13*f - 6. List the prime factors of c(12).
2, 3
Let y(b) = b**3 - 9*b**2 + 12*b - 8. Let q be y(8). Let z = -7 + -8. Let g = q + z. List the prime factors of g.
3
Let i be (2/(-4))/(5/30). What are the prime factors of -11*(i - -2)*1?
11
Suppose -4*s - 2*h + h + 92 = 0, 8 = -2*h. Suppose 3*d - s = -d. Suppose 18 + d = 2*c. What are the prime factors of c?
2, 3
Suppose c + 76 = p, -1 = 5*c + 4. What are the prime factors of p?
3, 5
Let d = 414 - 182. What are the prime factors of d?
2, 29
Let s(d) = 2*d + 3. Let f(i) = -i**3 - i**2 + i + 4. Let m be f(0). Suppose 0 = -m*y + 10 + 10. List the prime factors of s(y).
13
Suppose 5*g - 55 = 205. Let a = 73 - g. List the prime factors of a.
3, 7
Suppose -4*b = v - 10, -6*b + 14 = -b + 2*v. Let x be 14 - (2/b + -3). List the prime factors of (28/x)/((-2)/(-8)).
7
Let h(s) = -2*s - 3. Let g(c) = 2*c - 7. Let a be g(6). Suppose a = -3*u - 19. What are the prime factors of h(u)?
13
Suppose 0 = -2*b + 96 - 16. Suppose -2*c + 36 = 4*h - 5*c, 5*c = 5*h - b. Suppose 0 = -0*u + 3*u - h. List the prime factors of u.
2
Suppose b - 2*j = 2*j + 5, -3*b - 17 = 4*j. Let h = 4 + b. Let f = h - -6. List the prime factors of f.
7
Suppose 0*j - 69 = -j. List the prime factors of j.
3, 23
Suppose 0*p = 4*p - 12. Suppose -c = -t + 5 + 18, -p*t + 79 = -c. List the prime factors of t.
2, 7
Let f(t) = t**3 - 11*t + 3 + 6*t**2 + 0 + 14*t. What are the prime factors of f(-5)?
13
Let c = 484 + -226. List the prime factors of c.
2, 3, 43
Suppose -d - 2*v = -40, -230 = -5*d + 5*v - 0*v. List the prime factors of d.
2, 11
Let o(p) = p - 8. Let b be o(10). Suppose b*z + 2*z - 20 = 0. List the prime factors of z.
5
Let f = -326 + 623. List the prime factors of f.
3, 11
Let l(o) = -3*o - 5*o**2 - 2*o + 2 + 4*o**2. Let b be l(-3). List the prime factors of 5/4*b*1.
2, 5
Let x(r) = -3*r - 3. Suppose 3*p - 7*p = 2*j + 16, 0 = 4*j + 16. List the prime factors of x(p).
3
Suppose 584 = -2*h + 6*h. Suppose 5*p - h = -2*d, 5*p + d - 33 = 115. List the prime factors of p.
2, 3, 5
Let t(d) = 4*d**3 - 3*d**2 - 4*d - 1. List the prime factors of t(3).
2, 17
Suppose 0*y + 2*s = -2*y + 120, y - 64 = 3*s. Suppose 5*p - n = y, 0 = 5*p - 5*n - 21 - 24. List the prime factors of p.
13
Let m(q) = 8*q**2. Let k be m(-2). Suppose p = -p + k. What are the prime factors of p?
2
Let x = -45 + 82. What are the prime factors of x?
37
Suppose 2*z + z + 33 = 0. Let a = -6 - z. What are the prime factors of a?
5
Let w = 7 - -24. List the prime factors of w.
31
Let t(l) = -4*l + 2. Let h be t(-4). Suppose 5*w - 3*w - 16 = 2*u, 0 = 4*u + 3*w + h. What are the prime factors of 4/u + 51/9?
5
Let k be (-6 + 3 - -5)*2. Suppose 0 = -k*h - 2*s + 2, -3*h - h + 2*s + 14 = 0. What are the prime factors of h?
2
Let v(y) = 27*y + 4. List the prime factors of v(1).
31
Suppose -3*n = -n + 8. List the prime factors of (-58)/(-8) + 1/n.
7
Let j(q) = 3*q**3 - 2*q**2 - 1. List the prime factors of j(2).
3, 5
Suppose -2*i - h - 11 = -0*i, 3*h = 3*i + 12. Let r = 38 + -22. Let z = r + i. What are the prime factors of z?
11
Let j be (4/(-6))/((-18)/(-27)). Let b be 5 - j*(0 + -3). Suppose -2 - b = 3*l + 2*g, 0 = 2*l + 4*g + 16. List the prime factors of l.
2
Let p(r) = r**3 + 9*r**2 + 5. Let d be 1/(-1) - (10 - 2). Let w be p(d). Suppose w*i - 34 = 3*i. What are the prime factors of i?
17
Suppose 0 = -3*f + 185 - 53. List the prime factors of f.
2, 11
Let d = -32 - -5. Let i = -19 - d. List the prime factors of i.
2
Let s(t) = -t**3 - 20*t**2 + 5*t - 20. List the prime factors of s(-21).
2, 79
Let q(p) = 45*p**3 - 2*p + 2. What are the prime factors of q(1)?
3, 5
Let q(l) = -25*l + 1. Let x(o) = o**3 + 3*o**2 - 5*o - 5. Let p be x(-4). What are the prime factors of q(p)?
2, 13
Suppose -8 = -5*p + 4*p. What are the prime factors of p?
2
Let t(l) = -3*l + 3. Let j be t(3). List the prime factors of (6/3)/((-2)/j).
2, 3
Let o(f) = -6*f. Suppose -4*i - 12 = -i. Let x be o(i). Suppose -3*l - l = -x. What are the prime factors of l?
2, 3
Let x(v) = -2 + 4 + 13*v - v**2 - 7*v. List the prime factors of x(6).
2
Let h = -4 + 7. Let q be (52/(-6))/((-1)/h). Let w = q - 15. What are the prime factors of w?
11
Let g = -5 - -5. Let x be -2 - (-1 + g)*-1. What are the prime factors of (-3 + 1)/(x/3)?
2
Let c = 14 - 10. Suppose c*v - 13 = -1. What are the prime factors of (27/6)/(v/8)?
2, 3
Suppose w + 4*b + 21 - 47 = 0, 2 = b. List the prime factors of w.
2, 3
Suppose 0*a + 8 = a. Suppose 4*t + 8 = -0*t. Let g = a - t. List the prime factors of g.
2, 5
Let l = 8 - 4. Suppose -2*f = 2*t + 2*t - 26, 4*t - l = 0. List the prime factors of f.
11
Suppose 4*p + 0*p - 34 = -2*c, -p + 3 = 0. Suppose 0*t - t = -c. What are the prime factors of t?
11
Let f be 15/2*4/5. Let n(x) = 3*x**3 + x**2 + 4*x - 8. Let d(z) = -2*z**3 - 2*z**2 - 5*z + 8. Let g(r) = -4*d(r) - 3*n(r). What are the prime factors of g(f)?
2
Let v(x) = -x**2 - 1. Let c be v(1). Let r be (-6)/(-9) + 116/6. List the prime factors of (r/2)/(c/(-1)).
5
Let j(n) = 2*n**2 - 9*n - 31. List the prime factors of j(-9).
2, 53
Let z(i) = i**3 - 6*i**2 - i - 3. Let u be z(7). Suppose 5*c + 119 = 4. Let o = u + c. List the prime factors of o.
2
Suppose -5*q + 17 + 3 = 0. Suppose q*h + 2*m - 64 = -2*m, 3*h = -5*m + 44. What are the prime factors of h?
2, 3
What are the prime factors of (-2)/3*486/(-12)?
3
Suppose -g - 2*g + 182 = -z, 2*z - 8 = 0. What are the prime factors of g?
2, 31
List the prime factors of -2*(1 - -1 - 297/6).
5, 19
Suppose -k + 16 = -5*k. Let s(i) be the third derivative of i**5/30 + 5*i**4/24 - i**3/3 - 3*i**2. What are the prime factors of s(k)?
2, 5
Suppose 4*f - 3*f - 245 = -2*r, -5*f + 493 = 4*r. What are the prime factors of r?
2, 61
Let p be -1 - 2 - -4 - 2. Let x(w) = 5*w**2 + 2*w + 1. List the prime factors of x(p).
2
Suppose 0 = -16*h - 8*h + 2856. What are the prime factors of h?
7, 17
Let z(a) = -a**3 + 4*a**2 - 4*a + 3. Let x be z(3). Let t = 5 - x. Let r = 3 + t. What are the prime factors of r?
2
Let g be (-1 - (-10)/4)*4. Let a(b) = 4*b + 18. Let l(j) = 5*j + 19. Let s(y) = g*a(y) - 5*l(y). List the prime factors of s(10).
3
Let d(s) = 11*s - 8. Let v be d(8). Suppose -m + v = 3*m. What are the prime factors of m?
2, 5
Suppose m + 4 - 7 = 0. Let n = m - -11. What are the prime factors of n?
2, 7
Suppose 0*g = 2*g + 4. Let o be 256/20 - 2/(-10). Let a = o + g. What are the prime factors of a?
11
Let n(j) = -j**3 + 5*j**2 + 3*j + 3. Let r = 8 + -3. What are the prime factors of n(r)?
2, 3
List the prime factors of 2/3*126/12.
7
Suppose 4*w - 55 = 2*y + 301, 2*y = -3*w + 274. List 